 z.
13, 31, 67
Let r(v) = -v**3 + 5*v**2 - v - 9. Let k be r(6). Suppose -11 + 159 = z - 3*w, 3*w = 3*z - 426. Let m = z + k. What are the prime factors of m?
2, 11
Suppose -92 = -3*j - 59. Let n = j - -60. Let y = n - 54. List the prime factors of y.
17
Let j(v) = -88*v - 67. Let g be 6 - 19/(38/20). What are the prime factors of j(g)?
3, 5, 19
Suppose 35 = 5*x + 5*d, 0 - 10 = -2*d. Suppose 0 = -2*y - 6*r + x*r + 836, 2*y - 836 = 3*r. List the prime factors of y.
2, 11, 19
What are the prime factors of 10802/66*(57 + -6)?
17, 491
Suppose -2*q + 42*q = 109400. What are the prime factors of q?
5, 547
Let y = -164 - -170. Suppose 1178 + 1234 = y*w. What are the prime factors of w?
2, 3, 67
Suppose -1136992 = -36*m - 212207 + 164719. What are the prime factors of m?
2, 3, 13, 97
Let g(m) = -34*m - 18. Let d be g(-7). Suppose -15*v + 455 = -d. Suppose 0 = -3*k - 24 + v. What are the prime factors of k?
7
Let j = 7073 - 1488. List the prime factors of j.
5, 1117
Let f = -40 + 10. Let r be 2/(-10) + 3*28/f. List the prime factors of r/(3/(-100) + 0).
2, 5
Suppose -3*x = 6, k - 12620 = 4*x + 2515. What are the prime factors of k?
7, 2161
Let c = -14336 - -26978. List the prime factors of c.
2, 3, 7, 43
Let n(x) = 90*x + 16005. List the prime factors of n(-163).
3, 5, 89
Suppose -5*i - 181 = -3*a, -a = -5*i + 6 - 53. Let y = a - 26. Suppose s + y = 329. List the prime factors of s.
2, 3
Suppose 4*p - 3*p = -3*v + 8, 3*v = -3*p + 12. What are the prime factors of (v*-128)/(-8)*(-1 - -2)?
2
Let y(h) = -3*h**2 - 4*h + 11. Let c be y(-7). Let j be 2/2 + (-3 + 2)*c. Suppose -j - 32 = -3*b. List the prime factors of b.
47
Suppose -6806 - 12049 = -2*q - u, 4*u = -q + 9445. What are the prime factors of q?
5, 13, 29
Let t(f) = -897*f + 824. List the prime factors of t(-11).
10691
Suppose -5*i = -6*i + 160. Suppose -28*d = -30*d - i. Let t = d + 131. List the prime factors of t.
3, 17
List the prime factors of (-3)/((-3)/3841) + 14.
3, 5, 257
Let w(p) = 138*p**2 + 3*p + 5. Let f = 105 - 102. Suppose -4*a - 3*u - 16 = f, 2*u + 11 = -a. List the prime factors of w(a).
2, 5, 7
Let k = -33318 + 60984. What are the prime factors of k?
2, 3, 29, 53
Suppose -220*z - 14 = -227*z. Let s(y) = 5*y**2 - 2*y. Let b(u) = -4*u**2 + 3*u. Let k(m) = 4*b(m) + 5*s(m). List the prime factors of k(z).
2, 5
Let y be 0 + -1691 - (-6 + 8 + 2). Let m = 3185 + y. List the prime factors of m.
2, 5, 149
Let y = -12098 - -27185. What are the prime factors of y?
3, 47, 107
Let m = -1780 + 2000. Suppose 4*i - 2215 = 3*z, -2*i + 3*z + z = -1120. Suppose -i = -5*b - 4*t + t, -2*b = -4*t - m. What are the prime factors of b?
2, 5, 11
Let y be (24 + -18)/(3/2). Suppose 5*d - 4628 = -p, 0*p - 8 = y*p. List the prime factors of d.
2, 463
Let q(r) = r**3 - 8*r**2 + 8*r - 5. Let g be q(7). Suppose -3*d = -g*f + 4 + 4, -5*d = 0. Suppose f*s - 21 = -13. What are the prime factors of s?
2
Let h(j) = 5*j**3 + 8*j**2 + 3*j - 270. What are the prime factors of h(13)?
2, 6053
Suppose 12 = -4*x + 16, 5*c + 3*x = 3253. Let l = c - -214. List the prime factors of l.
2, 3
Let v(j) = -3*j**3 - 2*j**2 - 5*j - 6. Let k be v(-2). Suppose 0*n + n = 4*y + 43, 4*n = -k. Let w = 75 - y. What are the prime factors of w?
3, 29
Suppose -58*z + 2574840 = 43*z + 19*z. What are the prime factors of z?
43, 499
Suppose -14*n + 231 = -9*n - 4*h, 0 = 3*n - 3*h - 141. Suppose 3*z - n - 11 = 0. What are the prime factors of z?
2, 3
Let j = 156 + -25. Let r = -33 + j. Let v = 140 + r. List the prime factors of v.
2, 7, 17
Suppose 2*y - 30 + 22 = 0. Let w be ((-174)/(-9))/((-102)/(-27) - y). Let u = w - -152. What are the prime factors of u?
5, 13
Let z be (-1)/((-1)/2) + (1463 - -13). Let b = -893 + z. List the prime factors of b.
3, 5, 13
Suppose -28 + 38 = 2*c. Suppose q - 10 = 5*d, 13 = 4*d - 0*d - c*q. List the prime factors of 3/12*(-85 - d)*-2.
41
Suppose -38293 = -3*y + 50147. What are the prime factors of y?
2, 5, 11, 67
Suppose 406 - 21 = 11*w. What are the prime factors of ((-1146)/(-3))/(14/w)?
5, 191
Let x(z) be the first derivative of 302*z**3/3 - 10*z**2 - 37*z - 82. List the prime factors of x(-2).
7, 173
Suppose -2008 = -4*j + 29*d - 25*d, -5*j - 2*d + 2538 = 0. Let w = -220 + j. List the prime factors of w.
2, 11, 13
Let l(b) = -3*b**2 - 8*b - 9. Let k(f) = f**2 + 3*f + 3. Let v(n) = 7*k(n) + 2*l(n). Let t be v(-2). List the prime factors of ((-1)/t)/((-1)/(-267)).
89
Let i(f) = -f**3 - f - 1. Let h(b) = 6*b**3 + 16*b**2 + 14*b - 21. Let c(u) = h(u) + 5*i(u). List the prime factors of c(-10).
2, 11
Let f be 2723/28 - (3 - (-22)/(-8)). Suppose 5*u = 8*j - 3*j - 425, -3*u + f = j. List the prime factors of j.
2, 11
Let u be (-5)/(-7) - 22/(-231)*3. Suppose 5*s - 3*c - 26 = 21, -u = -c. What are the prime factors of s?
2, 5
Suppose 3*b + 3225 = 2*d - 18838, 0 = -4*b - 20. List the prime factors of d.
2, 13, 53
Suppose 9*t + 96511 = 5*t + 337119. What are the prime factors of t?
2, 73, 103
Let h = -56 - -60. What are the prime factors of 1/h + 57*(-27)/(-4)?
5, 7, 11
Let m(o) = -o**3 - 6*o**2 + 9*o + 1. Let l = -6 - 1. Let f be m(l). Let d = f - -62. List the prime factors of d.
7
Let j = -483 - -337. Let h = -67 - j. Suppose -11*t + h = -10*t. List the prime factors of t.
79
Suppose 41034 = 5*t - w, -4*t + 2*w + 1337 + 31501 = 0. What are the prime factors of t?
3, 5, 547
Suppose 0 = 4*r - 2*r - g - 6, -3*r = 5*g - 9. Suppose r*z = -40 + 4018. List the prime factors of z.
2, 3, 13, 17
Suppose -2*c - 1000 = -4*u, -u + 0*c + 2*c + 253 = 0. Let o = -370 + u. List the prime factors of (2/(-2)*o)/1.
11
Let g be 222 + 2 + 2 + -2. Suppose 160*r = 161*r - g. What are the prime factors of r?
2, 7
Suppose -40*c - 12448 = -48208. Suppose -5*m = -7*m + c. List the prime factors of m.
3, 149
Let x = 145 - 142. Suppose -k - 2*v + 1246 = 0, 2*k - x*v + 1242 = 3*k. List the prime factors of k.
2, 3, 11, 19
Let m = -43595 - -112163. What are the prime factors of m?
2, 3, 2857
Let l(d) = 97*d + 5. Let r(s) = 32*s + 89*s + 25*s + 8. Let o(z) = 7*l(z) - 5*r(z). List the prime factors of o(-2).
97
Let h be (785/(-3))/((20/(-6))/10). Suppose -5*a + h = 175. What are the prime factors of a?
2, 61
Let x(f) = 497*f**2 - 3*f + 346. What are the prime factors of x(8)?
2, 3, 5, 7, 17
Let n(s) = 15*s**2 - 19*s + 12. Let j(t) = t**3 - 13*t**2 - 31*t + 10. Let i be j(15). What are the prime factors of n(i)?
2, 241
Suppose -2 - 18 = 4*f. What are the prime factors of f/((-40)/32) + (-1 - -834)?
3, 31
Suppose 2*f - 37 = -3*h, 23 = 3*h + 8. Suppose -903 = -f*r + 7974. What are the prime factors of r?
3, 269
Suppose -a = -34381 - 11938. What are the prime factors of -6 + a/65 + (-3)/5?
2, 353
Let w(i) = i**3 + 4*i**2 + 2*i + 10. Let g be w(-4). Suppose 6*c + g*c = 6120. What are the prime factors of c?
3, 5, 17
Let o = -4761 + 8442. What are the prime factors of o?
3, 409
Suppose 4*u + 20 = 3*r + 2, -r = -u - 5. Suppose -20 = -r*k + 28. Suppose k*g - 495 = 13*g. List the prime factors of g.
3, 5
Suppose 0 = -7*v + 334*v - 3577125 - 7975131. What are the prime factors of v?
2, 3, 23
Suppose 1 = -b + 5*k - 3, -2*b = 3*k + 60. What are the prime factors of (-3)/(b/16*(-4)/(-1294))?
647
Let w be -4 + (2 - -805) + 2. Let c = w - 225. Suppose 4*z = 14*z - c. What are the prime factors of z?
2, 29
Suppose 9*a = -4 + 4. Suppose a = 11*j - 8*j - 903. List the prime factors of j.
7, 43
Suppose 26*l - 13*l - 29172 = 0. Suppose -l = -10*z + 4926. What are the prime factors of z?
3, 239
Suppose 2 - 23 = -3*i. Suppose 12*b - 9555 = i*b. List the prime factors of b.
3, 7, 13
Suppose z - 5*o = 4, 3*z - z + 3*o - 73 = 0. Let k = z - 31. List the prime factors of (-5)/(3/48*k).
2, 5
Let q(j) = -74*j**2 - 5*j - 5. Let n be q(-2). Let v = -157 - n. What are the prime factors of v?
2, 67
Let a(y) = 3*y - 47. Let p be a(9). Let j(t) = t**3 + 18*t**2 - 54*t - 64. What are the prime factors of j(p)?
2, 3
Let k = -63 + 60. Let x be k*(-62)/(-3) + (-2)/2. Let y = 237 - x. List the prime factors of y.
2, 3, 5
Let b(n) = n - 2. Let z be b(-3). Let p(m) = 0 - 19*m + 5*m**2 - 1 + 23*m + 5. What are the prime factors of p(z)?
109
List the prime factors of (-1)/(-9) - (24 - 4469842/234).
2, 9539
Let o(a) = -17*a + 154. Let d be o(9). List the prime factors of 24*3/24 - (-1065)